6
Let q(y) = -2*y**3 + 10*y**2 - 52*y - 356. What is the hundreds digit of q(-8)?
7
Let w(t) = 12*t**3 + 2*t**2 - 3*t + 2. Let h be w(2). Suppose -3*u + h = 4*a, 0 = 2*a - 0*u + u - 50. What is the tens digit of a?
2
Suppose -756 - 1080 = -6*g. What is the tens digit of g?
0
Suppose -5*z = -17*y + 20*y - 541, -2*y = -5*z - 394. What is the units digit of y?
7
Let y(l) = 114*l + 1. Let f be y(1). Suppose 0 = 5*h - 0*r - 4*r - 194, r + f = 3*h. Let i = 4 + h. What is the tens digit of i?
4
Let c(z) = -119*z**3 + 2*z**2 - z. Let d be c(1). Let s = -47 - d. What is the units digit of s?
1
Let x be (0 + 0)/((0 + -4)/4). Suppose g + x*p + 2*p = -7, -4*p = 4*g + 12. What is the units digit of g?
1
Let z = 1401 - 1150. Suppose -4*o = -10 - 6. Suppose -25 = -o*f + z. What is the tens digit of f?
6
Let j(y) = -5*y - 3 + 2 + 9*y**2 + 4 + y. Let s be 4/(-18) - (-60)/27. What is the units digit of j(s)?
1
Suppose 24 = u - x, 4*x - 15 = 2*u - 63. Let m be 4 + (1 + 1)/(-2). Suppose -m*r + 84 + u = 0. What is the tens digit of r?
3
Suppose -3*l + 3*i + 5733 = 0, -4*l + 11741 - 4103 = -2*i. What is the thousands digit of l?
1
Let t(z) = 2*z**3 + 17*z**2 + 2*z - 13. Let q be t(-6). Let s = q - 106. What is the tens digit of s?
4
Let b(t) = 12*t**2 + 3*t + 2. Suppose 5*k + 3*g = -93, -2*g = -6*k + k - 88. Let u = 16 + k. What is the units digit of b(u)?
4
Suppose 5*x - 3*k - 21 = -2*k, -5*x + 5*k = -25. Let s = -6 + 9. Suppose s*h + 10 = x*h. What is the units digit of h?
0
What is the tens digit of (6 + -5)/(-1 + (-2106)/(-2104))?
5
Let p be ((-34)/(-6))/((-10)/(-120)). Let t = -95 + p. What is the units digit of (-6)/t + (-1216)/(-36)?
4
Suppose 0*n - 3*n + 90 = 0. Suppose x + 1 + 2 = 0, a + x = n. What is the units digit of (-6)/a - (-266)/11?
4
Let u(r) be the third derivative of r**5/60 - r**3/2 + 3*r**2. Let c be u(0). What is the units digit of -4*(-5 - c - 0)?
8
Let t(y) = -y**3 - 19*y**2 - 20*y + 18. What is the tens digit of t(-19)?
9
Let q(z) be the first derivative of 46*z**3/3 - z**2 + 2*z - 1. Let x(n) = n**2 + 9*n + 21. Let l be x(-4). What is the tens digit of q(l)?
4
Let i = 87 + -288. Let p = 377 + i. What is the units digit of p?
6
Let d(x) = x**2 + 6*x - 16. Let p be d(-16). Let j = p - 8. What is the units digit of j?
6
Let v(w) = -47*w**3 - w**2 + w. Let p be v(-1). Let j = p - -188. What is the hundreds digit of j?
2
Let b = -5023 + 8629. What is the units digit of b?
6
Let q(w) = 8*w**2 + 180*w - 69. What is the units digit of q(-26)?
9
Suppose 15*p + 16 = 11*p. Let x be (-36)/24 - 70/p. Let h = x - -21. What is the tens digit of h?
3
Let z = 52 - -803. Suppose 6*a - z = a. What is the units digit of a?
1
Let v be 2/(-3) - 2/(-3)*1. What is the tens digit of (-201)/(v + (-3)/6 + -1)?
3
Let j(s) = -3 - 5*s + 0 + 2*s. Let m be 6/((-2)/4*(3 + 1)). What is the units digit of j(m)?
6
Let m = 30 - 24. Suppose -x - 2*l = -m*x + 209, 144 = 3*x + 5*l. What is the units digit of x?
3
Suppose -2*w - 4*c = c - 326, 5*w - 815 = -5*c. What is the tens digit of w?
6
Suppose 8 = -3*h + 5. Let d(a) = -44*a**3 + 2*a**2 + a. Let z be d(h). Suppose -7*i = -4*i - z. What is the units digit of i?
5
Let k(o) = 22*o**2 - 1. Let g be k(-1). Suppose -b + g = -5*j, 0*b + 4*j = -3*b + 139. What is the tens digit of b?
4
Suppose -a - a + 3*x + 3 = 0, -2*x - 4 = -a. Let z = a - -9. What is the units digit of (-2)/z*(3 + -36)?
2
Let k be 58/(-6) - (16/(-6) + 3). Let o(n) = n**2 - 14*n - 8. What is the units digit of o(k)?
2
Let q be ((-4)/12)/((-2)/12). Let u be (1 - 49)*(-105)/60. Suppose -q*c - 2*c = -u. What is the units digit of c?
1
Suppose 0 = 3*y + 24 - 6. Let k be (-2)/y - 1/3. Suppose -3*f - 32 = -m - k*m, 3*m - 64 = f. What is the tens digit of m?
2
What is the thousands digit of (-2 + 1017/6)*2184/105?
3
Suppose 2*x - 80 - 124 = 0. What is the tens digit of x?
0
Let p(x) = -x**3 + 2*x**2 + 4*x - 3. Let r be p(2). Suppose 5*m + r*s - 20 = 0, 4*m - s = m. What is the tens digit of (-329)/(-7) + m*-1?
4
Let r(k) = -48*k - 14. What is the hundreds digit of r(-5)?
2
Let b = -18 - -23. Let z = b + -2. Suppose z*u = 3 - 0. What is the units digit of u?
1
Suppose u + u = -m + 5625, 14061 = 5*u + m. What is the units digit of u?
2
Let w(z) = z**3 - z**2 + z + 642. What is the tens digit of w(0)?
4
Let d be (-4)/6 + (-5240)/(-12). Suppose 7*y - 250 = d. What is the tens digit of y?
9
Let n = 15 - 15. Suppose n*h + 2 = h. Let l(v) = 8*v**2 - 4*v + 2. What is the units digit of l(h)?
6
Suppose 0 = -2*y - 4*s + 468, 0 = -4*y - 4*s - 0*s + 916. Suppose -b + 8*b = y. What is the units digit of b?
2
Suppose -54*d + 56*d - 5450 = 0. What is the tens digit of d?
2
Suppose 3*c - 8*c = -15. Suppose -11*f + 176 = -c*f. What is the tens digit of f?
2
Let o(h) = 2*h**2 - 17*h - 10. Let r = -75 - -88. What is the tens digit of o(r)?
0
Suppose -4*f = -3*t - 764, -3*f - f + 764 = 5*t. What is the units digit of f?
1
Let y(z) = 4*z**2 + 7*z. Let c be y(-3). Let f = 0 + c. What is the units digit of f?
5
Let l(q) = 72*q + 219. What is the hundreds digit of l(8)?
7
Suppose 7*k - 2280 = 2333. What is the tens digit of k?
5
Let p = 178 + -86. Let x = 174 - p. What is the units digit of x?
2
Let r = -1 + 7. Let o(l) = -11 + 18*l - 4*l - 19 + 25. What is the units digit of o(r)?
9
Suppose -4*v = 3*h + 463, -h + 5*v + 780 = -6*h. Let x = h - -356. What is the units digit of x?
5
Suppose 4*x - 6*x + 192 = 4*z, 3*z + 3*x = 150. Let t = 93 - z. What is the units digit of t?
7
Let w(f) = -2*f**3 - f + 3. Let r be w(2). What is the tens digit of 24/((-16)/r - (-6)/(-9))?
6
What is the units digit of 1262/10 - 35/175?
6
Suppose o - 3 = -0. What is the units digit of ((-1)/o)/((-7)/609)?
9
Let s(q) = -947*q - 281. What is the tens digit of s(-6)?
0
Let f = 2331 + -581. What is the thousands digit of f?
1
What is the units digit of (116/(-5))/(2/(-15))?
4
Let s be -4*(3 - 5) + -3. What is the units digit of 5 + -6 + 1 + s?
5
Let l = 55 - 50. Suppose 4 = -5*v - 3*f, -3*v - l = -5*v + f. What is the units digit of v?
1
Let u(r) = -3*r**2 + 4*r - 1. Let w = -15 + 18. Let p be u(w). What is the units digit of ((-114)/8)/(6/p)?
8
Suppose 30 = 3*t + 9. Suppose t*v = 27 - 6. Suppose 80 = -p + v*p. What is the units digit of p?
0
Suppose 651 = 2*c + 4*v - 329, -v = -c + 475. What is the hundreds digit of c?
4
What is the units digit of (-41)/(((-2)/(-12))/((-14)/6))?
4
Let b = -68 - -72. Suppose -8*k = 5*v - b*k - 897, -v = -3*k - 168. What is the tens digit of v?
7
Let p(n) = 9*n**2 + 1. Let t be p(1). Let g(u) = u**3 - 6*u**2 + 4*u + 4. Let y be g(5). What is the units digit of (9/y)/((-5)/t)?
8
Let s be 21/8 - 3/(-8). What is the tens digit of 93 - s/((-6)/(-4))?
9
Suppose -2*k - 8 = l + 7, -5*l = -5*k. Let h = l - -19. What is the tens digit of h?
1
Let y(i) = 4*i - 36. Let k be y(17). Let n = 45 - k. What is the units digit of n?
3
Let h = 484 - 35. What is the tens digit of h?
4
Let g = -787 - -1378. What is the tens digit of g?
9
Let a(u) = -85*u + 58. What is the hundreds digit of a(-7)?
6
Suppose 372 = 7*q - 3*q. Suppose -q = -j - 22. What is the tens digit of j?
7
Suppose 0*t - 2*t - 40 = 0. Let v = 23 + t. What is the units digit of (v - 4 - -3)*3?
6
Suppose 18 - 28 = -2*s. What is the tens digit of 596/s - (-40)/50?
2
Suppose 0*u - 3*u = 5*d - 8826, 0 = 3*d - 3*u - 5286. What is the hundreds digit of d?
7
Suppose 5*w + 1050 = 4*b, -1 = 4*w - 9. What is the hundreds digit of b?
2
Let k(y) = y**3 - 7*y**2 - 23*y - 19. What is the units digit of k(12)?
5
What is the tens digit of (0 - 1)*(5 + -468)?
6
Let b(h) = h**3 - 19*h**2 + 6*h - 78. What is the hundreds digit of b(21)?
9
Let f = 23 + -17. Let p(y) = y**3 - 5*y**2 - 7*y + 6. Let v be p(f). Suppose i = -v*i + 36. What is the units digit of i?
6
Let v(l) = -58*l + 33. What is the units digit of v(-4)?
5
Let p(a) = -a**3 - 4*a**2 + 5*a. Let z be p(-5). Suppose -2*o + 0*o + 8 = z. Suppose o*b - 16 = b + 5*y, -5*y - 4 = -2*b. What is the units digit of b?
2
What is the hundreds digit of (-10)/((-40)/583)*8?
1
Suppose 85*j - 155750 = 15*j. What is the hundreds digit of j?
2
Let s be 18 + (5/1 - 3). Suppose -59 = -u - 4*a - s, -5*u + 2*a = -217. Suppose 3*y = 15, -4*b + u = 5*y - 22. What is the tens digit of b?
1
Suppose 6 = 3*k, 0 = 3*m - 4*k 